 digit of 506?
6
What is the thousands digit of 2515?
2
What is the units digit of 5595?
5
What is the ten thousands digit of 26922?
2
What is the ten thousands digit of 39007?
3
What is the tens digit of 3713?
1
What is the tens digit of 2887?
8
What is the thousands digit of 3234?
3
What is the tens digit of 721?
2
What is the tens digit of 54305?
0
What is the tens digit of 36546?
4
What is the tens digit of 1612?
1
What is the ten thousands digit of 18886?
1
What is the hundreds digit of 2643?
6
What is the ten thousands digit of 14493?
1
What is the units digit of 3452?
2
What is the thousands digit of 1822?
1
What is the tens digit of 1333?
3
What is the tens digit of 21045?
4
What is the thousands digit of 1062?
1
What is the ten thousands digit of 19895?
1
What is the tens digit of 78755?
5
What is the hundreds digit of 2486?
4
What is the thousands digit of 72980?
2
What is the thousands digit of 4928?
4
What is the tens digit of 2264?
6
What is the hundreds digit of 1693?
6
What is the hundreds digit of 9969?
9
What is the tens digit of 7405?
0
What is the tens digit of 14870?
7
What is the hundreds digit of 4085?
0
What is the hundreds digit of 410?
4
What is the hundreds digit of 1240?
2
What is the tens digit of 10505?
0
What is the ten thousands digit of 54836?
5
What is the tens digit of 890?
9
What is the units digit of 42241?
1
What is the tens digit of 2217?
1
What is the units digit of 66149?
9
What is the thousands digit of 1538?
1
What is the thousands digit of 10283?
0
What is the hundreds digit of 4391?
3
What is the hundreds digit of 1037?
0
What is the thousands digit of 2351?
2
What is the tens digit of 394?
9
What is the hundreds digit of 111628?
6
What is the hundreds digit of 17864?
8
What is the tens digit of 235?
3
What is the units digit of 1619?
9
What is the hundreds digit of 18617?
6
What is the hundreds digit of 16632?
6
What is the ten thousands digit of 63695?
6
What is the units digit of 1155?
5
What is the hundreds digit of 1716?
7
What is the units digit of 4524?
4
What is the tens digit of 12589?
8
What is the ten thousands digit of 16633?
1
What is the tens digit of 465?
6
What is the tens digit of 2007?
0
What is the hundreds digit of 1498?
4
What is the units digit of 48182?
2
What is the hundreds digit of 2161?
1
What is the tens digit of 4824?
2
What is the tens digit of 498?
9
What is the tens digit of 301?
0
What is the units digit of 2626?
6
What is the thousands digit of 6232?
6
What is the thousands digit of 18900?
8
What is the units digit of 8994?
4
What is the hundreds digit of 30366?
3
What is the thousands digit of 41488?
1
What is the thousands digit of 1675?
1
What is the tens digit of 1758?
5
What is the thousands digit of 6124?
6
What is the units digit of 477?
7
What is the tens digit of 893?
9
What is the units digit of 44063?
3
What is the units digit of 3418?
8
What is the thousands digit of 3967?
3
What is the hundreds digit of 12673?
6
What is the units digit of 4913?
3
What is the units digit of 589?
9
What is the units digit of 84036?
6
What is the tens digit of 2362?
6
What is the tens digit of 8820?
2
What is the thousands digit of 38473?
8
What is the hundreds digit of 16045?
0
What is the units digit of 10331?
1
What is the tens digit of 1069?
6
What is the hundreds digit of 10920?
9
What is the units digit of 364?
4
What is the hundreds digit of 1004?
0
What is the units digit of 791?
1
What is the hundreds digit of 2364?
3
What is the ten thousands digit of 44102?
4
What is the thousands digit of 7909?
7
What is the thousands digit of 6678?
6
What is the hundreds digit of 2217?
2
What is the thousands digit of 7368?
7
What is the units digit of 4656?
6
What is the units digit of 223?
3
What is the tens digit of 149?
4
What is the ten thousands digit of 12976?
1
What is the tens digit of 7501?
0
What is the ten thousands digit of 61694?
6
What is the hundreds digit of 12623?
6
What is the hundreds digit of 904?
9
What is the hundreds digit of 14925?
9
What is the thousands digit of 1638?
1
What is the units digit of 5532?
2
What is the thousands digit of 37360?
7
What is the hundreds digit of 2311?
3
What is the thousands digit of 4059?
4
What is the thousands digit of 11046?
1
What is the tens digit of 2109?
0
What is the tens digit of 3128?
2
What is the tens digit of 954?
5
What is the hundreds digit of 5211?
2
What is the hundreds digit of 4618?
6
What is the units digit of 78143?
3
What is the tens digit of 1062?
6
What is the units digit of 257?
7
What is the thousands digit of 3584?
3
What is the tens digit of 13337?
3
What is the tens digit of 703?
0
What is the ten thousands digit of 12162?
1
What is the hundreds digit of 1209?
2
What is the units digit of 75?
5
What is the thousands digit of 3876?
3
What is the tens digit of 5475?
7
What is the ten thousands digit of 110940?
1
What is the tens digit of 35693?
9
What is the hundred thousands digit of 122770?
1
What is the thousands digit of 53182?
3
What is the thousands digit of 2306?
2
What is the ten thousands digit of 14334?
1
What is the units digit of 28?
8
What is the hundreds digit of 8608?
6
What is the thousands digit of 1665?
1
What is the units digit of 920?
0
What is the tens digit of 4217?
1
What is the hundreds digit of 327?
3
What is the hundreds digit of 23666?
6
What is the hundreds digit of 3359?
3
What is the tens digit of 844?
4
What is the thousands digit of 5258?
5
What is the units digit of 16228?
8
What is the tens digit of 1990?
9
What is the thousands digit of 2267?
2
What is the thousands digit of 2347?
2
What is the units digit of 398?
8
What is the units digit of 720?
0
What is the thousands digit of 2927?
2
What is the tens digit of 33456?
5
What is the units digit of 895?
5
What is the units digit of 2402?
2
What is the hundreds digit of 456?
4
What is the ten thousands digit of 62363?
6
What is the hundreds digit of 5819?
8
What is the units digit of 6636?
6
What is the tens digit of 6744?
4
What is the hundreds digit of 15512?
5
What is the hundreds digit of 11721?
7
What is the tens digit of 1161?
6
What is the hundreds digit of 13694?
6
What is the hundreds digit of 115663?
6
What is the tens digit of 33535?
3
What is the units digit of 91713?
3
What is the tens digit of 18792?
9
What is the tens digit of 2439?
3
What is the tens digit of 72513?
1
What is the hundred thousands digit of 139710?
1
What is the ten thousands digit of 23162?
2
What is the tens digit of 436?
3
What is the units digit of 26490?
0
What is the units digit of 3124?
4
What is the units digit of 725?
5
What is the hundred thousands digit of 122883?
1
What is the units digit of 27786?
6
What is the units digit of 5027?
7
What is the units digit of 248?
8
What is the thousands digit of 60303?
0
What is the thousands digit of 37814?
7
What is the units digit of 436?
6
What is the units digit of 1114?
4
What is the tens digit of 808?
0
What is the hundreds digit of 7279?
2
What is the ten thousands digit of 80276?
8
What is the hundreds digit of 36583?
5
What is the units digit of 1304?
4
What is the tens digit of 93039?
3
What is the units digit of 41166?
6
What is the units digit of 1773?
3
What is the hundreds digit of 603?
6
What is the ten thousands digit of 16685?
1
What is the thousands digit of 37618?
7
What is the thousands digit of 1087?
1
What is the units digit of 2783?
3
What is the units digit of 30346?
6
What is the hundreds digit of 1747?
7
What is the units digit of 22004?
4
What is the tens digit of 2182?
8
What is the tens digit of 46327?
2
What is the tens digit of 517?
1
What is the thousands digit of 159917?
9
What is the tens digit of 1679?
7
What is the hundreds digit of 1966?
9
What is the tens digit of 14099?
9
What is the thousands digit of 37637?
7
What is the thousands digit of 8338?
8
What is the hundreds digit of 356?
3
What is the hundreds digit of 3078?
0
What is the tens digit of 25034?
3
What is the ten thousands digit of 83981?
8
What is the hundreds digit of 705?
7
What is the tens digit of 154139?
3
What is the units digit of 7398?
8
What is the hundreds digit of 109770?
7
What is the tens digit of 841?
4
What is the units digit of 23624?
4
What is the hundreds digit